{"id":226,"date":"2015-10-01T22:01:27","date_gmt":"2015-10-01T22:01:27","guid":{"rendered":"http:\/\/paroquiasjoaobosco.com\/wp\/?page_id=226"},"modified":"2018-09-19T15:35:07","modified_gmt":"2018-09-19T15:35:07","slug":"saojoaobosco","status":"publish","type":"page","link":"http:\/\/paroquiasjoaobosco.com\/index.php\/saojoaobosco\/","title":{"rendered":"Par\u00f3quia S\u00e3o Jo\u00e3o Bosco"},"content":{"rendered":"<p><a id=\"set-post-thumbnail\" class=\"thickbox\" title=\"Definir imagem destacada\" href=\"http:\/\/paroquiasjoaobosco.com\/wp-admin\/media-upload.php?post_id=226&amp;type=image&amp;TB_iframe=1\"><img decoding=\"async\" loading=\"lazy\" class=\"attachment-266x266\" src=\"http:\/\/paroquiasjoaobosco.com\/wp-content\/uploads\/2015\/10\/thQ8967H5U-300x199.jpg\" alt=\"thQ8967H5U\" width=\"266\" height=\"176\" \/><\/a><\/p>\n<p><strong>Comunidade\u00a0S\u00e3o Jo\u00e3o Bosco (Matriz):<br \/>\n<\/strong><strong>Endere\u00e7o:<\/strong> Av. Benedicto Castilho de Andrade, 1091<br \/>\n<strong>Bairro:<\/strong> Eloy Chaves \u2013 Jundia\u00ed<br \/>\n<strong>Telefone:(11)4582-4529<\/strong><br \/>\n<strong>E-mail:<\/strong>\u00a0<a href=\"mailto:secretaria@paroquiasjoaobosco.com\">secretaria@paroquiasjoaobosco.com<\/a><br \/>\n<strong>Facebook:<\/strong>\u00a0<a href=\"https:\/\/www.facebook.com\/pages\/Par%C3%B3quia-S-Jo%C3%A3o-Bosco\/669675769760507?fref=ts\" target=\"_blank\">Par\u00f3quia S\u00e3o Jo\u00e3o Bosco<\/a><\/p>\n<p><strong>Youtube:<\/strong>\u00a0<a href=\"https:\/\/www.youtube.com\/channel\/UCwvRXix6T5icIjFacla6E-A\" target=\"_blank\">Nosso Canal<\/a><\/p>\n<p><strong>Hor\u00e1rio de Missas e Celebra\u00e7\u00f5es:<\/strong>\u00a0<a href=\"http:\/\/paroquiasjoaobosco.com\/index.php\/2015\/09\/22\/missas-da-paroquia\/\"> Clique Aqui!<\/a><\/p>\n<p><a href=\"http:\/\/paroquiasjoaobosco.com\/wp-content\/uploads\/2015\/09\/separador-vintage-large1.png\" rel=\"fancybox[226]\"><img decoding=\"async\" loading=\"lazy\" class=\"alignnone wp-image-195\" src=\"http:\/\/paroquiasjoaobosco.com\/wp-content\/uploads\/2015\/09\/separador-vintage-large1-300x13.png\" alt=\"separador-vintage-large1\" width=\"1038\" height=\"45\" srcset=\"http:\/\/paroquiasjoaobosco.com\/wp-content\/uploads\/2015\/09\/separador-vintage-large1-300x13.png 300w, http:\/\/paroquiasjoaobosco.com\/wp-content\/uploads\/2015\/09\/separador-vintage-large1-1024x45.png 1024w, http:\/\/paroquiasjoaobosco.com\/wp-content\/uploads\/2015\/09\/separador-vintage-large1.png 1140w\" sizes=\"(max-width: 1038px) 100vw, 1038px\" \/><\/a><\/p>\n<hr \/>\n<p><a href=\"http:\/\/paroquiasjoaobosco.com\/wp-content\/uploads\/2015\/11\/aviso-da-semana-dom-bosco.png\" rel=\"fancybox[226]\"><img decoding=\"async\" loading=\"lazy\" class=\"size-medium wp-image-326\" src=\"http:\/\/paroquiasjoaobosco.com\/wp-content\/uploads\/2015\/11\/aviso-da-semana-dom-bosco-300x72.png\" alt=\"aviso da semana - dom bosco\" width=\"300\" height=\"72\" srcset=\"http:\/\/paroquiasjoaobosco.com\/wp-content\/uploads\/2015\/11\/aviso-da-semana-dom-bosco-300x72.png 300w, http:\/\/paroquiasjoaobosco.com\/wp-content\/uploads\/2015\/11\/aviso-da-semana-dom-bosco.png 700w\" sizes=\"(max-width: 300px) 100vw, 300px\" \/><\/a><\/p>\n<hr \/>\n","protected":false},"excerpt":{"rendered":"<p>Comunidade\u00a0S\u00e3o Jo\u00e3o Bosco (Matriz): Endere\u00e7o: Av. Benedicto Castilho de Andrade, 1091 Bairro: Eloy Chaves \u2013 Jundia\u00ed Telefone:(11)4582-4529 E-mail:\u00a0secretaria@paroquiasjoaobosco.com Facebook:\u00a0Par\u00f3quia S\u00e3o Jo\u00e3o Bosco Youtube:\u00a0Nosso Canal Hor\u00e1rio de Missas e Celebra\u00e7\u00f5es:\u00a0 Clique Aqui!<\/p>\n","protected":false},"author":1,"featured_media":0,"parent":0,"menu_order":0,"comment_status":"closed","ping_status":"closed","template":"","meta":{"_mi_skip_tracking":false,"_exactmetrics_sitenote_active":false,"_exactmetrics_sitenote_note":"","_exactmetrics_sitenote_category":0},"_links":{"self":[{"href":"http:\/\/paroquiasjoaobosco.com\/index.php\/wp-json\/wp\/v2\/pages\/226"}],"collection":[{"href":"http:\/\/paroquiasjoaobosco.com\/index.php\/wp-json\/wp\/v2\/pages"}],"about":[{"href":"http:\/\/paroquiasjoaobosco.com\/index.php\/wp-json\/wp\/v2\/types\/page"}],"author":[{"embeddable":true,"href":"http:\/\/paroquiasjoaobosco.com\/index.php\/wp-json\/wp\/v2\/users\/1"}],"replies":[{"embeddable":true,"href":"http:\/\/paroquiasjoaobosco.com\/index.php\/wp-json\/wp\/v2\/comments?post=226"}],"version-history":[{"count":19,"href":"http:\/\/paroquiasjoaobosco.com\/index.php\/wp-json\/wp\/v2\/pages\/226\/revisions"}],"predecessor-version":[{"id":1349,"href":"http:\/\/paroquiasjoaobosco.com\/index.php\/wp-json\/wp\/v2\/pages\/226\/revisions\/1349"}],"wp:attachment":[{"href":"http:\/\/paroquiasjoaobosco.com\/index.php\/wp-json\/wp\/v2\/media?parent=226"}],"curies":[{"name":"wp","href":"https:\/\/api.w.org\/{rel}","templated":true}]}}