{"id":426,"date":"2015-11-14T16:03:40","date_gmt":"2015-11-14T16:03:40","guid":{"rendered":"http:\/\/paroquiasjoaobosco.com\/wp\/?page_id=426"},"modified":"2015-11-19T11:08:54","modified_gmt":"2015-11-19T11:08:54","slug":"inscricoes-para-catequese-da-1a-eucaristia","status":"publish","type":"page","link":"http:\/\/paroquiasjoaobosco.com\/index.php\/inscricoes-para-catequese-da-1a-eucaristia\/","title":{"rendered":"# Catequese da 1\u00aa Eucaristia"},"content":{"rendered":"<p>A miss\u00e3o da Pastoral da Catequese \u00e9 iniciar crian\u00e7as, adolescentes, jovens e adultos na f\u00e9 crist\u00e3. Esta inicia\u00e7\u00e3o se d\u00e1, concretamente, atrav\u00e9s da forma\u00e7\u00e3o crist\u00e3 \u00e0 luz dos Evangelhos, da celebra\u00e7\u00e3o lit\u00fargica e da viv\u00eancia comunit\u00e1ria. Realizamos encontros semanais de forma\u00e7\u00e3o, onde s\u00e3o apresentados temas do nosso cotidiano, iluminados pela Palavra de Deus. Nossa catequese est\u00e1 organizada em catequese infantil, catequese de crisma, catequese especial e catequese de adultos<\/p>\n<hr \/>\n<p>&nbsp;<\/p>\n<p>INSCRI\u00c7\u00c3O PARA 1\u00aa EUCARISTIA<br \/>\nPer\u00edodo de inscri\u00e7\u00e3o:<strong> segundo semestre 2016<\/strong><br \/>\nIdade: 09 anos completos ou a completar at\u00e9 data do in\u00edcio de catequese<\/p>\n<p>Documentos necess\u00e1rios:<br \/>\n\u2013 Xerox de Certid\u00e3o de Nascimento ou RG<br \/>\n\u2013 Xerox de Certid\u00e3o de batismo<br \/>\n\u2013 Xerox de Comprovante de resid\u00eancia<br \/>\n\u2013 Taxa: R$ ??? (pago no ato da inscri\u00e7\u00e3o)<br \/>\n(obs: a inscri\u00e7\u00e3o s\u00f3 ser\u00e1 considerada com todos<br \/>\nos documentos necess\u00e1rios )<\/p>\n","protected":false},"excerpt":{"rendered":"<p>A miss\u00e3o da Pastoral da Catequese \u00e9 iniciar crian\u00e7as, adolescentes, jovens e adultos na f\u00e9 crist\u00e3. Esta inicia\u00e7\u00e3o se d\u00e1, concretamente, atrav\u00e9s da forma\u00e7\u00e3o crist\u00e3 \u00e0 luz dos Evangelhos, da celebra\u00e7\u00e3o lit\u00fargica e da viv\u00eancia comunit\u00e1ria. Realizamos encontros semanais de forma\u00e7\u00e3o, onde s\u00e3o apresentados temas do nosso cotidiano, iluminados pela[&#8230;]<\/p>\n","protected":false},"author":1,"featured_media":0,"parent":0,"menu_order":0,"comment_status":"closed","ping_status":"closed","template":"","meta":{"_mi_skip_tracking":false,"_exactmetrics_sitenote_active":false,"_exactmetrics_sitenote_note":"","_exactmetrics_sitenote_category":0},"_links":{"self":[{"href":"http:\/\/paroquiasjoaobosco.com\/index.php\/wp-json\/wp\/v2\/pages\/426"}],"collection":[{"href":"http:\/\/paroquiasjoaobosco.com\/index.php\/wp-json\/wp\/v2\/pages"}],"about":[{"href":"http:\/\/paroquiasjoaobosco.com\/index.php\/wp-json\/wp\/v2\/types\/page"}],"author":[{"embeddable":true,"href":"http:\/\/paroquiasjoaobosco.com\/index.php\/wp-json\/wp\/v2\/users\/1"}],"replies":[{"embeddable":true,"href":"http:\/\/paroquiasjoaobosco.com\/index.php\/wp-json\/wp\/v2\/comments?post=426"}],"version-history":[{"count":7,"href":"http:\/\/paroquiasjoaobosco.com\/index.php\/wp-json\/wp\/v2\/pages\/426\/revisions"}],"predecessor-version":[{"id":624,"href":"http:\/\/paroquiasjoaobosco.com\/index.php\/wp-json\/wp\/v2\/pages\/426\/revisions\/624"}],"wp:attachment":[{"href":"http:\/\/paroquiasjoaobosco.com\/index.php\/wp-json\/wp\/v2\/media?parent=426"}],"curies":[{"name":"wp","href":"https:\/\/api.w.org\/{rel}","templated":true}]}}