{"id":464,"date":"2015-11-16T11:50:44","date_gmt":"2015-11-16T11:50:44","guid":{"rendered":"http:\/\/paroquiasjoaobosco.com\/wp\/?page_id=464"},"modified":"2015-11-16T22:07:31","modified_gmt":"2015-11-16T22:07:31","slug":"acolitos","status":"publish","type":"page","link":"http:\/\/paroquiasjoaobosco.com\/index.php\/acolitos\/","title":{"rendered":"Ac\u00f3litos"},"content":{"rendered":"<blockquote>\n<h2>\u00a0Ac\u00f3litos<\/h2>\n<div class=\"artigo-previa\">O ac\u00f3lito desde o principio at\u00e9 o fim da missa, acompanha e ajuda a servir o pr\u00f3prio Jesus.<br \/>\nO lema do ac\u00f3lito \u00e9 constitu\u00eddo por tr\u00eas palavras e todas come\u00e7am por uma letra A: Amigo, Asseado, Atento. O ac\u00f3lito \u00e9 um amigo de todos de sua comunidade, \u00e9 asseado desde a ponto dos cabelos \u00e1 ponta dos p\u00e9s e deve estar atento ao que for preciso.<\/div>\n<div class=\"artigo-previa\">\n<hr \/>\n<p><strong>Estamos sempre preparando novas turmas procure informa\u00e7\u00f5es na secretaria da igreja\u00a0<\/strong><\/div>\n<\/blockquote>\n","protected":false},"excerpt":{"rendered":"<p>\u00a0Ac\u00f3litos O ac\u00f3lito desde o principio at\u00e9 o fim da missa, acompanha e ajuda a servir o pr\u00f3prio Jesus. O lema do ac\u00f3lito \u00e9 constitu\u00eddo por tr\u00eas palavras e todas come\u00e7am por uma letra A: Amigo, Asseado, Atento. O ac\u00f3lito \u00e9 um amigo de todos de sua comunidade, \u00e9 asseado[&#8230;]<\/p>\n","protected":false},"author":1,"featured_media":0,"parent":0,"menu_order":0,"comment_status":"closed","ping_status":"closed","template":"","meta":{"_mi_skip_tracking":false,"_exactmetrics_sitenote_active":false,"_exactmetrics_sitenote_note":"","_exactmetrics_sitenote_category":0},"_links":{"self":[{"href":"http:\/\/paroquiasjoaobosco.com\/index.php\/wp-json\/wp\/v2\/pages\/464"}],"collection":[{"href":"http:\/\/paroquiasjoaobosco.com\/index.php\/wp-json\/wp\/v2\/pages"}],"about":[{"href":"http:\/\/paroquiasjoaobosco.com\/index.php\/wp-json\/wp\/v2\/types\/page"}],"author":[{"embeddable":true,"href":"http:\/\/paroquiasjoaobosco.com\/index.php\/wp-json\/wp\/v2\/users\/1"}],"replies":[{"embeddable":true,"href":"http:\/\/paroquiasjoaobosco.com\/index.php\/wp-json\/wp\/v2\/comments?post=464"}],"version-history":[{"count":3,"href":"http:\/\/paroquiasjoaobosco.com\/index.php\/wp-json\/wp\/v2\/pages\/464\/revisions"}],"predecessor-version":[{"id":539,"href":"http:\/\/paroquiasjoaobosco.com\/index.php\/wp-json\/wp\/v2\/pages\/464\/revisions\/539"}],"wp:attachment":[{"href":"http:\/\/paroquiasjoaobosco.com\/index.php\/wp-json\/wp\/v2\/media?parent=464"}],"curies":[{"name":"wp","href":"https:\/\/api.w.org\/{rel}","templated":true}]}}