{"id":635,"date":"2015-11-19T11:49:18","date_gmt":"2015-11-19T11:49:18","guid":{"rendered":"http:\/\/paroquiasjoaobosco.com\/wp\/?page_id=635"},"modified":"2015-11-19T12:49:28","modified_gmt":"2015-11-19T12:49:28","slug":"federacao-mariana","status":"publish","type":"page","link":"http:\/\/paroquiasjoaobosco.com\/index.php\/federacao-mariana\/","title":{"rendered":"Congrega\u00e7\u00e3o Mariana"},"content":{"rendered":"<p>Esses movimento desenvolve um trabalho todo voltado para a devo\u00e7\u00e3o a Nossa Senhora.<\/p>\n<p>Todos os meses se re\u00fanem para um momento de forma\u00e7\u00e3o espiritual e procuram viver uma comunh\u00e3o mais profunda entre seus membros.<\/p>\n<p>Rezam ter\u00e7os nas casas e fazem visita\u00e7\u00e3o aos enfermos.<\/p>\n","protected":false},"excerpt":{"rendered":"<p>Esses movimento desenvolve um trabalho todo voltado para a devo\u00e7\u00e3o a Nossa Senhora. Todos os meses se re\u00fanem para um momento de forma\u00e7\u00e3o espiritual e procuram viver uma comunh\u00e3o mais profunda entre seus membros. Rezam ter\u00e7os nas casas e fazem visita\u00e7\u00e3o aos enfermos.<\/p>\n","protected":false},"author":1,"featured_media":0,"parent":0,"menu_order":0,"comment_status":"closed","ping_status":"closed","template":"","meta":{"_mi_skip_tracking":false,"_exactmetrics_sitenote_active":false,"_exactmetrics_sitenote_note":"","_exactmetrics_sitenote_category":0},"_links":{"self":[{"href":"http:\/\/paroquiasjoaobosco.com\/index.php\/wp-json\/wp\/v2\/pages\/635"}],"collection":[{"href":"http:\/\/paroquiasjoaobosco.com\/index.php\/wp-json\/wp\/v2\/pages"}],"about":[{"href":"http:\/\/paroquiasjoaobosco.com\/index.php\/wp-json\/wp\/v2\/types\/page"}],"author":[{"embeddable":true,"href":"http:\/\/paroquiasjoaobosco.com\/index.php\/wp-json\/wp\/v2\/users\/1"}],"replies":[{"embeddable":true,"href":"http:\/\/paroquiasjoaobosco.com\/index.php\/wp-json\/wp\/v2\/comments?post=635"}],"version-history":[{"count":3,"href":"http:\/\/paroquiasjoaobosco.com\/index.php\/wp-json\/wp\/v2\/pages\/635\/revisions"}],"predecessor-version":[{"id":659,"href":"http:\/\/paroquiasjoaobosco.com\/index.php\/wp-json\/wp\/v2\/pages\/635\/revisions\/659"}],"wp:attachment":[{"href":"http:\/\/paroquiasjoaobosco.com\/index.php\/wp-json\/wp\/v2\/media?parent=635"}],"curies":[{"name":"wp","href":"https:\/\/api.w.org\/{rel}","templated":true}]}}